
{"id":8596,"date":"2020-12-09T13:03:07","date_gmt":"2020-12-09T16:03:07","guid":{"rendered":"https:\/\/epe.santafe.gov.ar\/programa-era\/?page_id=8596"},"modified":"2021-01-04T13:17:44","modified_gmt":"2021-01-04T16:17:44","slug":"ya-tengo-mi-sistema-instalado","status":"publish","type":"page","link":"https:\/\/epe.santafe.gov.ar\/renovables\/ya-tengo-mi-sistema-instalado\/","title":{"rendered":"Ya tengo mi sistema instalado"},"content":{"rendered":"","protected":false},"excerpt":{"rendered":"","protected":false},"author":1,"featured_media":0,"parent":0,"menu_order":0,"comment_status":"closed","ping_status":"closed","template":"page-templates\/template-page-ya-tengo-mi-sistema-instalado.php","meta":[],"yoast_head":"<!-- This site is optimized with the Yoast SEO plugin v14.6.1 - https:\/\/yoast.com\/wordpress\/plugins\/seo\/ -->\n<title>Ya tengo mi sistema instalado - Prosumidores<\/title>\n<meta name=\"description\" content=\"Toda la informaci\u00f3n que necesit\u00e1s saber si ya ten\u00e9s un equipo de generaci\u00f3n distribuida\" \/>\n<meta name=\"robots\" content=\"index, follow\" \/>\n<meta name=\"googlebot\" content=\"index, follow, max-snippet:-1, max-image-preview:large, max-video-preview:-1\" \/>\n<meta name=\"bingbot\" content=\"index, follow, max-snippet:-1, max-image-preview:large, max-video-preview:-1\" \/>\n<link rel=\"canonical\" href=\"https:\/\/epe.santafe.gov.ar\/programa-era\/ya-tengo-mi-sistema-instalado\/\" \/>\n<meta property=\"og:locale\" content=\"es_ES\" \/>\n<meta property=\"og:type\" content=\"article\" \/>\n<meta property=\"og:title\" content=\"Ya tengo mi sistema instalado - Prosumidores\" \/>\n<meta property=\"og:description\" content=\"Toda la informaci\u00f3n que necesit\u00e1s saber si ya ten\u00e9s un equipo de generaci\u00f3n distribuida\" \/>\n<meta property=\"og:url\" content=\"https:\/\/epe.santafe.gov.ar\/programa-era\/ya-tengo-mi-sistema-instalado\/\" \/>\n<meta property=\"og:site_name\" content=\"Prosumidores\" \/>\n<meta property=\"article:modified_time\" content=\"2021-01-04T16:17:44+00:00\" \/>\n<meta name=\"twitter:card\" content=\"summary_large_image\" \/>\n<script type=\"application\/ld+json\" class=\"yoast-schema-graph\">{\"@context\":\"https:\/\/schema.org\",\"@graph\":[{\"@type\":\"WebSite\",\"@id\":\"https:\/\/epe.santafe.gov.ar\/renovables\/#website\",\"url\":\"https:\/\/epe.santafe.gov.ar\/renovables\/\",\"name\":\"Prosumidores\",\"description\":\"Energ\\u00eda m\\u00e1s eficiente\",\"potentialAction\":[{\"@type\":\"SearchAction\",\"target\":\"https:\/\/epe.santafe.gov.ar\/renovables\/?s={search_term_string}\",\"query-input\":\"required name=search_term_string\"}],\"inLanguage\":\"es\"},{\"@type\":\"WebPage\",\"@id\":\"https:\/\/epe.santafe.gov.ar\/programa-era\/ya-tengo-mi-sistema-instalado\/#webpage\",\"url\":\"https:\/\/epe.santafe.gov.ar\/programa-era\/ya-tengo-mi-sistema-instalado\/\",\"name\":\"Ya tengo mi sistema instalado - Prosumidores\",\"isPartOf\":{\"@id\":\"https:\/\/epe.santafe.gov.ar\/renovables\/#website\"},\"datePublished\":\"2020-12-09T16:03:07+00:00\",\"dateModified\":\"2021-01-04T16:17:44+00:00\",\"description\":\"Toda la informaci\\u00f3n que necesit\\u00e1s saber si ya ten\\u00e9s un equipo de generaci\\u00f3n distribuida\",\"inLanguage\":\"es\",\"potentialAction\":[{\"@type\":\"ReadAction\",\"target\":[\"https:\/\/epe.santafe.gov.ar\/programa-era\/ya-tengo-mi-sistema-instalado\/\"]}]}]}<\/script>\n<!-- \/ Yoast SEO plugin. -->","_links":{"self":[{"href":"https:\/\/epe.santafe.gov.ar\/renovables\/wp-json\/wp\/v2\/pages\/8596"}],"collection":[{"href":"https:\/\/epe.santafe.gov.ar\/renovables\/wp-json\/wp\/v2\/pages"}],"about":[{"href":"https:\/\/epe.santafe.gov.ar\/renovables\/wp-json\/wp\/v2\/types\/page"}],"author":[{"embeddable":true,"href":"https:\/\/epe.santafe.gov.ar\/renovables\/wp-json\/wp\/v2\/users\/1"}],"replies":[{"embeddable":true,"href":"https:\/\/epe.santafe.gov.ar\/renovables\/wp-json\/wp\/v2\/comments?post=8596"}],"version-history":[{"count":3,"href":"https:\/\/epe.santafe.gov.ar\/renovables\/wp-json\/wp\/v2\/pages\/8596\/revisions"}],"predecessor-version":[{"id":8733,"href":"https:\/\/epe.santafe.gov.ar\/renovables\/wp-json\/wp\/v2\/pages\/8596\/revisions\/8733"}],"wp:attachment":[{"href":"https:\/\/epe.santafe.gov.ar\/renovables\/wp-json\/wp\/v2\/media?parent=8596"}],"curies":[{"name":"wp","href":"https:\/\/api.w.org\/{rel}","templated":true}]}}