
{"id":8648,"date":"2020-12-16T13:51:28","date_gmt":"2020-12-16T16:51:28","guid":{"rendered":"https:\/\/epe.santafe.gov.ar\/programa-era\/?page_id=8648"},"modified":"2021-01-04T12:58:40","modified_gmt":"2021-01-04T15:58:40","slug":"inicio-de-sesion-representante","status":"publish","type":"page","link":"https:\/\/epe.santafe.gov.ar\/renovables\/inicio-de-sesion-representante\/","title":{"rendered":"Inicio de sesi\u00f3n de Representantes"},"content":{"rendered":"","protected":false},"excerpt":{"rendered":"","protected":false},"author":1,"featured_media":0,"parent":0,"menu_order":0,"comment_status":"closed","ping_status":"closed","template":"page-templates\/template-page-login-representante.php","meta":[],"yoast_head":"<!-- This site is optimized with the Yoast SEO plugin v14.6.1 - https:\/\/yoast.com\/wordpress\/plugins\/seo\/ -->\n<title>Inicio de sesi\u00f3n de Representantes - Prosumidores<\/title>\n<meta name=\"description\" content=\"Inicio de sesi\u00f3n para Representantes de Usuarios Generadores. Pod\u00e9s hacer seguimiento de tr\u00e1mites y gestiones\" \/>\n<meta name=\"robots\" content=\"index, follow\" \/>\n<meta name=\"googlebot\" content=\"index, follow, max-snippet:-1, max-image-preview:large, max-video-preview:-1\" \/>\n<meta name=\"bingbot\" content=\"index, follow, max-snippet:-1, max-image-preview:large, max-video-preview:-1\" \/>\n<link rel=\"canonical\" href=\"https:\/\/epe.santafe.gov.ar\/programa-era\/inicio-de-sesion-representante\/\" \/>\n<meta property=\"og:locale\" content=\"es_ES\" \/>\n<meta property=\"og:type\" content=\"article\" \/>\n<meta property=\"og:title\" content=\"Inicio de sesi\u00f3n de Representantes - Prosumidores\" \/>\n<meta property=\"og:description\" content=\"Inicio de sesi\u00f3n para Representantes de Usuarios Generadores. Pod\u00e9s hacer seguimiento de tr\u00e1mites y gestiones\" \/>\n<meta property=\"og:url\" content=\"https:\/\/epe.santafe.gov.ar\/programa-era\/inicio-de-sesion-representante\/\" \/>\n<meta property=\"og:site_name\" content=\"Prosumidores\" \/>\n<meta property=\"article:modified_time\" content=\"2021-01-04T15:58:40+00:00\" \/>\n<meta name=\"twitter:card\" content=\"summary_large_image\" \/>\n<script type=\"application\/ld+json\" class=\"yoast-schema-graph\">{\"@context\":\"https:\/\/schema.org\",\"@graph\":[{\"@type\":\"WebSite\",\"@id\":\"https:\/\/epe.santafe.gov.ar\/renovables\/#website\",\"url\":\"https:\/\/epe.santafe.gov.ar\/renovables\/\",\"name\":\"Prosumidores\",\"description\":\"Energ\\u00eda m\\u00e1s eficiente\",\"potentialAction\":[{\"@type\":\"SearchAction\",\"target\":\"https:\/\/epe.santafe.gov.ar\/renovables\/?s={search_term_string}\",\"query-input\":\"required name=search_term_string\"}],\"inLanguage\":\"es\"},{\"@type\":\"WebPage\",\"@id\":\"https:\/\/epe.santafe.gov.ar\/programa-era\/inicio-de-sesion-representante\/#webpage\",\"url\":\"https:\/\/epe.santafe.gov.ar\/programa-era\/inicio-de-sesion-representante\/\",\"name\":\"Inicio de sesi\\u00f3n de Representantes - Prosumidores\",\"isPartOf\":{\"@id\":\"https:\/\/epe.santafe.gov.ar\/renovables\/#website\"},\"datePublished\":\"2020-12-16T16:51:28+00:00\",\"dateModified\":\"2021-01-04T15:58:40+00:00\",\"description\":\"Inicio de sesi\\u00f3n para Representantes de Usuarios Generadores. Pod\\u00e9s hacer seguimiento de tr\\u00e1mites y gestiones\",\"inLanguage\":\"es\",\"potentialAction\":[{\"@type\":\"ReadAction\",\"target\":[\"https:\/\/epe.santafe.gov.ar\/programa-era\/inicio-de-sesion-representante\/\"]}]}]}<\/script>\n<!-- \/ Yoast SEO plugin. -->","_links":{"self":[{"href":"https:\/\/epe.santafe.gov.ar\/renovables\/wp-json\/wp\/v2\/pages\/8648"}],"collection":[{"href":"https:\/\/epe.santafe.gov.ar\/renovables\/wp-json\/wp\/v2\/pages"}],"about":[{"href":"https:\/\/epe.santafe.gov.ar\/renovables\/wp-json\/wp\/v2\/types\/page"}],"author":[{"embeddable":true,"href":"https:\/\/epe.santafe.gov.ar\/renovables\/wp-json\/wp\/v2\/users\/1"}],"replies":[{"embeddable":true,"href":"https:\/\/epe.santafe.gov.ar\/renovables\/wp-json\/wp\/v2\/comments?post=8648"}],"version-history":[{"count":1,"href":"https:\/\/epe.santafe.gov.ar\/renovables\/wp-json\/wp\/v2\/pages\/8648\/revisions"}],"predecessor-version":[{"id":8649,"href":"https:\/\/epe.santafe.gov.ar\/renovables\/wp-json\/wp\/v2\/pages\/8648\/revisions\/8649"}],"wp:attachment":[{"href":"https:\/\/epe.santafe.gov.ar\/renovables\/wp-json\/wp\/v2\/media?parent=8648"}],"curies":[{"name":"wp","href":"https:\/\/api.w.org\/{rel}","templated":true}]}}